{"id":300,"date":"2025-09-04T07:52:54","date_gmt":"2025-09-04T10:52:54","guid":{"rendered":"https:\/\/festajuninasabin.albertsabin.com.br\/?page_id=300"},"modified":"2025-09-04T08:12:37","modified_gmt":"2025-09-04T11:12:37","slug":"socioambiental","status":"publish","type":"page","link":"https:\/\/festajuninasabin.albertsabin.com.br\/?page_id=300","title":{"rendered":"Socioambiental"},"content":{"rendered":"\t\t<div data-elementor-type=\"wp-page\" data-elementor-id=\"300\" class=\"elementor elementor-300\" data-elementor-post-type=\"page\">\n\t\t\t\t<div class=\"elementor-element elementor-element-219e2cc e-flex e-con-boxed e-con e-parent\" data-id=\"219e2cc\" data-element_type=\"container\" data-e-type=\"container\">\n\t\t\t\t\t<div class=\"e-con-inner\">\n\t\t<div class=\"elementor-element elementor-element-6dc1a6f e-con-full e-flex e-con e-child\" data-id=\"6dc1a6f\" data-element_type=\"container\" data-e-type=\"container\">\n\t\t\t\t<div class=\"elementor-element elementor-element-d5f3331 elementor-absolute animated-slow elementor-invisible elementor-widget elementor-widget-image\" data-id=\"d5f3331\" data-element_type=\"widget\" data-e-type=\"widget\" data-settings=\"{&quot;_position&quot;:&quot;absolute&quot;,&quot;_animation&quot;:&quot;slideInRight&quot;}\" data-widget_type=\"image.default\">\n\t\t\t\t\t\t\t\t\t\t\t\t\t\t\t<img decoding=\"async\" src=\"https:\/\/festajuninasabin.albertsabin.com.br\/wp-content\/uploads\/2025\/09\/nuvem-cordel.svg\" class=\"attachment-full size-full wp-image-313\" alt=\"\" \/>\t\t\t\t\t\t\t\t\t\t\t\t\t\t\t<\/div>\n\t\t\t\t<div class=\"elementor-element elementor-element-0171505 elementor-widget elementor-widget-text-editor\" data-id=\"0171505\" data-element_type=\"widget\" data-e-type=\"widget\" data-widget_type=\"text-editor.default\">\n\t\t\t\t\t\t\t\t\t<p>A Festa vai al\u00e9m da celebra\u00e7\u00e3o. Com um forte prop\u00f3sito social, todos os lucros obtidos ser\u00e3o destinados a institui\u00e7\u00f5es que prestam assist\u00eancia \u00e0s comunidades ao redor do Col\u00e9gio.<br \/><br \/>Sua presen\u00e7a pode fazer a diferen\u00e7a na vida das fam\u00edlias que mais precisam de apoio. Conhe\u00e7a as institui\u00e7\u00f5es apoiadas:<\/p>\t\t\t\t\t\t\t\t<\/div>\n\t\t\t\t<div class=\"elementor-element elementor-element-1505a3a elementor-mobile-align-justify elementor-widget elementor-widget-button\" data-id=\"1505a3a\" data-element_type=\"widget\" data-e-type=\"widget\" data-widget_type=\"button.default\">\n\t\t\t\t\t\t\t\t\t\t<a class=\"elementor-button elementor-button-link elementor-size-sm\" href=\"#\">\n\t\t\t\t\t\t<span class=\"elementor-button-content-wrapper\">\n\t\t\t\t\t\t\t\t\t<span class=\"elementor-button-text\">Sabin Socioambiental<\/span>\n\t\t\t\t\t<\/span>\n\t\t\t\t\t<\/a>\n\t\t\t\t\t\t\t\t<\/div>\n\t\t\t\t<\/div>\n\t\t<div class=\"elementor-element elementor-element-32b9d9b e-con-full e-flex e-con e-child\" data-id=\"32b9d9b\" data-element_type=\"container\" data-e-type=\"container\">\n\t\t\t\t<div class=\"elementor-element elementor-element-f560d8c elementor-widget elementor-widget-image\" data-id=\"f560d8c\" data-element_type=\"widget\" data-e-type=\"widget\" data-widget_type=\"image.default\">\n\t\t\t\t\t\t\t\t\t\t\t\t\t\t\t<img loading=\"lazy\" decoding=\"async\" width=\"1048\" height=\"816\" src=\"https:\/\/festajuninasabin.albertsabin.com.br\/wp-content\/uploads\/2025\/09\/foto-socioambiental.png\" class=\"attachment-full size-full wp-image-303\" alt=\"Aluna com professora\" srcset=\"https:\/\/festajuninasabin.albertsabin.com.br\/wp-content\/uploads\/2025\/09\/foto-socioambiental.png 1048w, https:\/\/festajuninasabin.albertsabin.com.br\/wp-content\/uploads\/2025\/09\/foto-socioambiental-300x234.png 300w, https:\/\/festajuninasabin.albertsabin.com.br\/wp-content\/uploads\/2025\/09\/foto-socioambiental-1024x797.png 1024w, https:\/\/festajuninasabin.albertsabin.com.br\/wp-content\/uploads\/2025\/09\/foto-socioambiental-768x598.png 768w\" sizes=\"auto, (max-width: 1048px) 100vw, 1048px\" \/>\t\t\t\t\t\t\t\t\t\t\t\t\t\t\t<\/div>\n\t\t\t\t<\/div>\n\t\t\t\t\t<\/div>\n\t\t\t\t<\/div>\n\t\t\t\t<\/div>\n\t\t","protected":false},"excerpt":{"rendered":"<p>A Festa vai al\u00e9m da celebra\u00e7\u00e3o. Com um forte prop\u00f3sito social, todos os lucros obtidos ser\u00e3o destinados a institui\u00e7\u00f5es que prestam assist\u00eancia \u00e0s comunidades ao redor do Col\u00e9gio. Sua presen\u00e7a pode fazer a diferen\u00e7a na vida das fam\u00edlias que mais precisam de apoio. Conhe\u00e7a as institui\u00e7\u00f5es apoiadas: Sabin Socioambiental<\/p>\n","protected":false},"author":1,"featured_media":0,"parent":0,"menu_order":0,"comment_status":"closed","ping_status":"open","template":"","meta":{"footnotes":""},"class_list":["post-300","page","type-page","status-publish","hentry"],"_links":{"self":[{"href":"https:\/\/festajuninasabin.albertsabin.com.br\/index.php?rest_route=\/wp\/v2\/pages\/300","targetHints":{"allow":["GET"]}}],"collection":[{"href":"https:\/\/festajuninasabin.albertsabin.com.br\/index.php?rest_route=\/wp\/v2\/pages"}],"about":[{"href":"https:\/\/festajuninasabin.albertsabin.com.br\/index.php?rest_route=\/wp\/v2\/types\/page"}],"author":[{"embeddable":true,"href":"https:\/\/festajuninasabin.albertsabin.com.br\/index.php?rest_route=\/wp\/v2\/users\/1"}],"replies":[{"embeddable":true,"href":"https:\/\/festajuninasabin.albertsabin.com.br\/index.php?rest_route=%2Fwp%2Fv2%2Fcomments&post=300"}],"version-history":[{"count":23,"href":"https:\/\/festajuninasabin.albertsabin.com.br\/index.php?rest_route=\/wp\/v2\/pages\/300\/revisions"}],"predecessor-version":[{"id":335,"href":"https:\/\/festajuninasabin.albertsabin.com.br\/index.php?rest_route=\/wp\/v2\/pages\/300\/revisions\/335"}],"wp:attachment":[{"href":"https:\/\/festajuninasabin.albertsabin.com.br\/index.php?rest_route=%2Fwp%2Fv2%2Fmedia&parent=300"}],"curies":[{"name":"wp","href":"https:\/\/api.w.org\/{rel}","templated":true}]}}