{"id":387,"date":"2025-09-04T12:16:07","date_gmt":"2025-09-04T15:16:07","guid":{"rendered":"https:\/\/festajuninasabin.albertsabin.com.br\/?page_id=387"},"modified":"2026-04-16T06:08:29","modified_gmt":"2026-04-16T09:08:29","slug":"cartao-consumo","status":"publish","type":"page","link":"https:\/\/festajuninasabin.albertsabin.com.br\/?page_id=387","title":{"rendered":"Cart\u00e3o Consumo"},"content":{"rendered":"\t\t<div data-elementor-type=\"wp-page\" data-elementor-id=\"387\" class=\"elementor elementor-387\" data-elementor-post-type=\"page\">\n\t\t\t\t<div class=\"elementor-element elementor-element-4dc4591 e-flex e-con-boxed e-con e-parent\" data-id=\"4dc4591\" data-element_type=\"container\" data-e-type=\"container\">\n\t\t\t\t\t<div class=\"e-con-inner\">\n\t\t<div class=\"elementor-element elementor-element-972006f e-con-full e-flex e-con e-child\" data-id=\"972006f\" data-element_type=\"container\" data-e-type=\"container\">\n\t\t\t\t<div class=\"elementor-element elementor-element-9b38828 elementor-absolute animated-slow elementor-invisible elementor-widget elementor-widget-image\" data-id=\"9b38828\" data-element_type=\"widget\" data-e-type=\"widget\" data-settings=\"{&quot;_position&quot;:&quot;absolute&quot;,&quot;_animation&quot;:&quot;slideInRight&quot;}\" data-widget_type=\"image.default\">\n\t\t\t\t\t\t\t\t\t\t\t\t\t\t\t<img decoding=\"async\" src=\"https:\/\/festajuninasabin.albertsabin.com.br\/wp-content\/uploads\/2025\/09\/nuvem-cordel.svg\" class=\"attachment-full size-full wp-image-313\" alt=\"\" \/>\t\t\t\t\t\t\t\t\t\t\t\t\t\t\t<\/div>\n\t\t\t\t<div class=\"elementor-element elementor-element-539fe0b elementor-widget elementor-widget-text-editor\" data-id=\"539fe0b\" data-element_type=\"widget\" data-e-type=\"widget\" data-widget_type=\"text-editor.default\">\n\t\t\t\t\t\t\t\t\t<p>Para garantir mais conforto, agilidade e seguran\u00e7a durante a Festa Junina, utilizaremos o Cart\u00e3o Junina Cashless, um sistema de pagamento pr\u00e9-pago exclusivo para uso nas barracas de comidas, bebidas e brincadeiras.<br \/><br \/>Voc\u00ea pode escolher entre duas op\u00e7\u00f5es para utilizar seus cr\u00e9ditos na festa:<\/p>\t\t\t\t\t\t\t\t<\/div>\n\t\t\t\t<\/div>\n\t\t<div class=\"elementor-element elementor-element-2ab6372 e-con-full e-flex e-con e-child\" data-id=\"2ab6372\" data-element_type=\"container\" data-e-type=\"container\">\n\t\t\t\t<div class=\"elementor-element elementor-element-ac5374d elementor-widget elementor-widget-image\" data-id=\"ac5374d\" data-element_type=\"widget\" data-e-type=\"widget\" data-widget_type=\"image.default\">\n\t\t\t\t\t\t\t\t\t\t\t\t\t\t\t<img loading=\"lazy\" decoding=\"async\" width=\"1048\" height=\"816\" src=\"https:\/\/festajuninasabin.albertsabin.com.br\/wp-content\/uploads\/2025\/09\/foto-festa.png\" class=\"attachment-full size-full wp-image-398\" alt=\"\" srcset=\"https:\/\/festajuninasabin.albertsabin.com.br\/wp-content\/uploads\/2025\/09\/foto-festa.png 1048w, https:\/\/festajuninasabin.albertsabin.com.br\/wp-content\/uploads\/2025\/09\/foto-festa-300x234.png 300w, https:\/\/festajuninasabin.albertsabin.com.br\/wp-content\/uploads\/2025\/09\/foto-festa-1024x797.png 1024w, https:\/\/festajuninasabin.albertsabin.com.br\/wp-content\/uploads\/2025\/09\/foto-festa-768x598.png 768w\" sizes=\"auto, (max-width: 1048px) 100vw, 1048px\" \/>\t\t\t\t\t\t\t\t\t\t\t\t\t\t\t<\/div>\n\t\t\t\t<\/div>\n\t\t\t\t\t<\/div>\n\t\t\t\t<\/div>\n\t\t<div class=\"elementor-element elementor-element-26496d4 e-flex e-con-boxed e-con e-parent\" data-id=\"26496d4\" data-element_type=\"container\" data-e-type=\"container\">\n\t\t\t\t\t<div class=\"e-con-inner\">\n\t\t<div class=\"elementor-element elementor-element-a7553e4 e-con-full e-flex e-con e-child\" data-id=\"a7553e4\" data-element_type=\"container\" data-e-type=\"container\">\n\t\t<div class=\"elementor-element elementor-element-4b3bef4 e-con-full e-flex e-con e-child\" data-id=\"4b3bef4\" data-element_type=\"container\" data-e-type=\"container\" data-settings=\"{&quot;background_background&quot;:&quot;classic&quot;}\">\n\t\t\t\t<div class=\"elementor-element elementor-element-44c2dd3 elementor-widget elementor-widget-heading\" data-id=\"44c2dd3\" data-element_type=\"widget\" data-e-type=\"widget\" data-widget_type=\"heading.default\">\n\t\t\t\t\t<h2 class=\"elementor-heading-title elementor-size-default\">Cart\u00e3o Digital<\/h2>\t\t\t\t<\/div>\n\t\t\t\t<div class=\"elementor-element elementor-element-59a93f8 elementor-widget elementor-widget-heading\" data-id=\"59a93f8\" data-element_type=\"widget\" data-e-type=\"widget\" data-widget_type=\"heading.default\">\n\t\t\t\t\t<p class=\"elementor-heading-title elementor-size-default\">Sem taxa<\/p>\t\t\t\t<\/div>\n\t\t\t\t<div class=\"elementor-element elementor-element-ed8a1fb elementor-widget elementor-widget-text-editor\" data-id=\"ed8a1fb\" data-element_type=\"widget\" data-e-type=\"widget\" data-widget_type=\"text-editor.default\">\n\t\t\t\t\t\t\t\t\t<p>Fa\u00e7a a instala\u00e7\u00e3o do cart\u00e3o digital no seu celular por meio dos bot\u00f5es abaixo. Essa op\u00e7\u00e3o \u00e9 totalmente gratuita! Basta apresentar o cart\u00e3o digital na tela do celular para consumir seus cr\u00e9ditos durante a festa.<\/p>\t\t\t\t\t\t\t\t<\/div>\n\t\t<div class=\"elementor-element elementor-element-3a71809 e-con-full e-flex e-con e-child\" data-id=\"3a71809\" data-element_type=\"container\" data-e-type=\"container\">\n\t\t\t\t<div class=\"elementor-element elementor-element-0c78159 elementor-widget elementor-widget-image\" data-id=\"0c78159\" data-element_type=\"widget\" data-e-type=\"widget\" data-widget_type=\"image.default\">\n\t\t\t\t\t\t\t\t\t\t\t\t\t\t\t\t<a href=\"#\">\n\t\t\t\t\t\t\t<img loading=\"lazy\" decoding=\"async\" width=\"360\" height=\"108\" src=\"https:\/\/festajuninasabin.albertsabin.com.br\/wp-content\/uploads\/2025\/09\/g10.png\" class=\"attachment-full size-full wp-image-405\" alt=\"\" srcset=\"https:\/\/festajuninasabin.albertsabin.com.br\/wp-content\/uploads\/2025\/09\/g10.png 360w, https:\/\/festajuninasabin.albertsabin.com.br\/wp-content\/uploads\/2025\/09\/g10-300x90.png 300w\" sizes=\"auto, (max-width: 360px) 100vw, 360px\" \/>\t\t\t\t\t\t\t\t<\/a>\n\t\t\t\t\t\t\t\t\t\t\t\t\t\t\t<\/div>\n\t\t\t\t<div class=\"elementor-element elementor-element-e68f6ff elementor-widget elementor-widget-image\" data-id=\"e68f6ff\" data-element_type=\"widget\" data-e-type=\"widget\" data-widget_type=\"image.default\">\n\t\t\t\t\t\t\t\t\t\t\t\t\t\t\t\t<a href=\"#\">\n\t\t\t\t\t\t\t<img loading=\"lazy\" decoding=\"async\" width=\"364\" height=\"108\" src=\"https:\/\/festajuninasabin.albertsabin.com.br\/wp-content\/uploads\/2025\/09\/group.png\" class=\"attachment-full size-full wp-image-406\" alt=\"\" srcset=\"https:\/\/festajuninasabin.albertsabin.com.br\/wp-content\/uploads\/2025\/09\/group.png 364w, https:\/\/festajuninasabin.albertsabin.com.br\/wp-content\/uploads\/2025\/09\/group-300x89.png 300w\" sizes=\"auto, (max-width: 364px) 100vw, 364px\" \/>\t\t\t\t\t\t\t\t<\/a>\n\t\t\t\t\t\t\t\t\t\t\t\t\t\t\t<\/div>\n\t\t\t\t<\/div>\n\t\t\t\t<\/div>\n\t\t<div class=\"elementor-element elementor-element-0144c44 e-con-full e-flex e-con e-child\" data-id=\"0144c44\" data-element_type=\"container\" data-e-type=\"container\" data-settings=\"{&quot;background_background&quot;:&quot;classic&quot;}\">\n\t\t\t\t<div class=\"elementor-element elementor-element-70e55fb elementor-widget elementor-widget-heading\" data-id=\"70e55fb\" data-element_type=\"widget\" data-e-type=\"widget\" data-widget_type=\"heading.default\">\n\t\t\t\t\t<h2 class=\"elementor-heading-title elementor-size-default\">Cart\u00e3o F\u00edsico ZIG<\/h2>\t\t\t\t<\/div>\n\t\t\t\t<div class=\"elementor-element elementor-element-f1f1ec0 elementor-widget elementor-widget-heading\" data-id=\"f1f1ec0\" data-element_type=\"widget\" data-e-type=\"widget\" data-widget_type=\"heading.default\">\n\t\t\t\t\t<p class=\"elementor-heading-title elementor-size-default\">Com taxa<\/p>\t\t\t\t<\/div>\n\t\t\t\t<div class=\"elementor-element elementor-element-e373952 elementor-widget elementor-widget-text-editor\" data-id=\"e373952\" data-element_type=\"widget\" data-e-type=\"widget\" data-widget_type=\"text-editor.default\">\n\t\t\t\t\t\t\t\t\t<p>Se preferir o cart\u00e3o f\u00edsico, ele pode ser adquirido na Central de Inscri\u00e7\u00f5es mediante o pagamento de uma taxa de ativa\u00e7\u00e3o de R$7,00. O cart\u00e3o f\u00edsico poder\u00e1 ser recarregado nos totens de autoatendimento que estar\u00e3o dispon\u00edveis durante o evento.<\/p><p><strong>Importante: A taxa de R$7,00 ser\u00e1 reembolsada junto com eventuais cr\u00e9ditos n\u00e3o utilizados ap\u00f3s o fim da festa.<\/strong><\/p>\t\t\t\t\t\t\t\t<\/div>\n\t\t\t\t<\/div>\n\t\t\t\t<\/div>\n\t\t\t\t\t<\/div>\n\t\t\t\t<\/div>\n\t\t<div class=\"elementor-element elementor-element-68c33cd e-flex e-con-boxed e-con e-parent\" data-id=\"68c33cd\" data-element_type=\"container\" data-e-type=\"container\">\n\t\t\t\t\t<div class=\"e-con-inner\">\n\t\t<div class=\"elementor-element elementor-element-7732353 e-con-full e-flex e-con e-child\" data-id=\"7732353\" data-element_type=\"container\" data-e-type=\"container\">\n\t\t\t\t<div class=\"elementor-element elementor-element-4f00837 elementor-widget elementor-widget-heading\" data-id=\"4f00837\" data-element_type=\"widget\" data-e-type=\"widget\" data-widget_type=\"heading.default\">\n\t\t\t\t\t<h3 class=\"elementor-heading-title elementor-size-default\">Perguntas Frequentes<\/h3>\t\t\t\t<\/div>\n\t\t\t\t<div class=\"elementor-element elementor-element-717219c elementor-widget elementor-widget-n-accordion\" data-id=\"717219c\" data-element_type=\"widget\" data-e-type=\"widget\" data-settings=\"{&quot;default_state&quot;:&quot;expanded&quot;,&quot;max_items_expended&quot;:&quot;one&quot;,&quot;n_accordion_animation_duration&quot;:{&quot;unit&quot;:&quot;ms&quot;,&quot;size&quot;:400,&quot;sizes&quot;:[]}}\" data-widget_type=\"nested-accordion.default\">\n\t\t\t\t\t\t\t<div class=\"e-n-accordion\" aria-label=\"Accordion. Open links with Enter or Space, close with Escape, and navigate with Arrow Keys\">\n\t\t\t\t\t\t<details id=\"e-n-accordion-item-1180\" class=\"e-n-accordion-item\" open>\n\t\t\t\t<summary class=\"e-n-accordion-item-title\" data-accordion-index=\"1\" tabindex=\"0\" aria-expanded=\"true\" aria-controls=\"e-n-accordion-item-1180\" >\n\t\t\t\t\t<span class='e-n-accordion-item-title-header'><div class=\"e-n-accordion-item-title-text\"> 1. Como adquirir? <\/div><\/span>\n\t\t\t\t\t\t\t<span class='e-n-accordion-item-title-icon'>\n\t\t\t<span class='e-opened' ><svg aria-hidden=\"true\" class=\"e-font-icon-svg e-fas-angle-up\" viewBox=\"0 0 320 512\" xmlns=\"http:\/\/www.w3.org\/2000\/svg\"><path d=\"M177 159.7l136 136c9.4 9.4 9.4 24.6 0 33.9l-22.6 22.6c-9.4 9.4-24.6 9.4-33.9 0L160 255.9l-96.4 96.4c-9.4 9.4-24.6 9.4-33.9 0L7 329.7c-9.4-9.4-9.4-24.6 0-33.9l136-136c9.4-9.5 24.6-9.5 34-.1z\"><\/path><\/svg><\/span>\n\t\t\t<span class='e-closed'><svg aria-hidden=\"true\" class=\"e-font-icon-svg e-fas-angle-down\" viewBox=\"0 0 320 512\" xmlns=\"http:\/\/www.w3.org\/2000\/svg\"><path d=\"M143 352.3L7 216.3c-9.4-9.4-9.4-24.6 0-33.9l22.6-22.6c9.4-9.4 24.6-9.4 33.9 0l96.4 96.4 96.4-96.4c9.4-9.4 24.6-9.4 33.9 0l22.6 22.6c9.4 9.4 9.4 24.6 0 33.9l-136 136c-9.2 9.4-24.4 9.4-33.8 0z\"><\/path><\/svg><\/span>\n\t\t<\/span>\n\n\t\t\t\t\t\t<\/summary>\n\t\t\t\t<div role=\"region\" aria-labelledby=\"e-n-accordion-item-1180\" class=\"elementor-element elementor-element-a37c084 e-con-full e-flex e-con e-child\" data-id=\"a37c084\" data-element_type=\"container\" data-e-type=\"container\">\n\t\t\t\t<div class=\"elementor-element elementor-element-d8b5f69 elementor-widget elementor-widget-text-editor\" data-id=\"d8b5f69\" data-element_type=\"widget\" data-e-type=\"widget\" data-widget_type=\"text-editor.default\">\n\t\t\t\t\t\t\t\t\tSe ainda n\u00e3o adquiriu antecipadamente, voc\u00ea poder\u00e1 adquiri-lo nos caixas volantes nos dias da festa.\t\t\t\t\t\t\t\t<\/div>\n\t\t\t\t<\/div>\n\t\t\t\t\t<\/details>\n\t\t\t\t\t\t<details id=\"e-n-accordion-item-1181\" class=\"e-n-accordion-item\" >\n\t\t\t\t<summary class=\"e-n-accordion-item-title\" data-accordion-index=\"2\" tabindex=\"-1\" aria-expanded=\"false\" aria-controls=\"e-n-accordion-item-1181\" >\n\t\t\t\t\t<span class='e-n-accordion-item-title-header'><div class=\"e-n-accordion-item-title-text\"> 2. Como recarregar? <\/div><\/span>\n\t\t\t\t\t\t\t<span class='e-n-accordion-item-title-icon'>\n\t\t\t<span class='e-opened' ><svg aria-hidden=\"true\" class=\"e-font-icon-svg e-fas-angle-up\" viewBox=\"0 0 320 512\" xmlns=\"http:\/\/www.w3.org\/2000\/svg\"><path d=\"M177 159.7l136 136c9.4 9.4 9.4 24.6 0 33.9l-22.6 22.6c-9.4 9.4-24.6 9.4-33.9 0L160 255.9l-96.4 96.4c-9.4 9.4-24.6 9.4-33.9 0L7 329.7c-9.4-9.4-9.4-24.6 0-33.9l136-136c9.4-9.5 24.6-9.5 34-.1z\"><\/path><\/svg><\/span>\n\t\t\t<span class='e-closed'><svg aria-hidden=\"true\" class=\"e-font-icon-svg e-fas-angle-down\" viewBox=\"0 0 320 512\" xmlns=\"http:\/\/www.w3.org\/2000\/svg\"><path d=\"M143 352.3L7 216.3c-9.4-9.4-9.4-24.6 0-33.9l22.6-22.6c9.4-9.4 24.6-9.4 33.9 0l96.4 96.4 96.4-96.4c9.4-9.4 24.6-9.4 33.9 0l22.6 22.6c9.4 9.4 9.4 24.6 0 33.9l-136 136c-9.2 9.4-24.4 9.4-33.8 0z\"><\/path><\/svg><\/span>\n\t\t<\/span>\n\n\t\t\t\t\t\t<\/summary>\n\t\t\t\t<div role=\"region\" aria-labelledby=\"e-n-accordion-item-1181\" class=\"elementor-element elementor-element-2ca78e6 e-con-full e-flex e-con e-child\" data-id=\"2ca78e6\" data-element_type=\"container\" data-e-type=\"container\">\n\t\t\t\t<div class=\"elementor-element elementor-element-0e00214 elementor-widget elementor-widget-text-editor\" data-id=\"0e00214\" data-element_type=\"widget\" data-e-type=\"widget\" data-widget_type=\"text-editor.default\">\n\t\t\t\t\t\t\t\t\tO cart\u00e3o poder\u00e1 ser carregado nos caixas volantes ou nos totens de autoatendimento.\t\t\t\t\t\t\t\t<\/div>\n\t\t\t\t<\/div>\n\t\t\t\t\t<\/details>\n\t\t\t\t\t\t<details id=\"e-n-accordion-item-1182\" class=\"e-n-accordion-item\" >\n\t\t\t\t<summary class=\"e-n-accordion-item-title\" data-accordion-index=\"3\" tabindex=\"-1\" aria-expanded=\"false\" aria-controls=\"e-n-accordion-item-1182\" >\n\t\t\t\t\t<span class='e-n-accordion-item-title-header'><div class=\"e-n-accordion-item-title-text\"> 3. Como utilizar o cart\u00e3o? <\/div><\/span>\n\t\t\t\t\t\t\t<span class='e-n-accordion-item-title-icon'>\n\t\t\t<span class='e-opened' ><svg aria-hidden=\"true\" class=\"e-font-icon-svg e-fas-angle-up\" viewBox=\"0 0 320 512\" xmlns=\"http:\/\/www.w3.org\/2000\/svg\"><path d=\"M177 159.7l136 136c9.4 9.4 9.4 24.6 0 33.9l-22.6 22.6c-9.4 9.4-24.6 9.4-33.9 0L160 255.9l-96.4 96.4c-9.4 9.4-24.6 9.4-33.9 0L7 329.7c-9.4-9.4-9.4-24.6 0-33.9l136-136c9.4-9.5 24.6-9.5 34-.1z\"><\/path><\/svg><\/span>\n\t\t\t<span class='e-closed'><svg aria-hidden=\"true\" class=\"e-font-icon-svg e-fas-angle-down\" viewBox=\"0 0 320 512\" xmlns=\"http:\/\/www.w3.org\/2000\/svg\"><path d=\"M143 352.3L7 216.3c-9.4-9.4-9.4-24.6 0-33.9l22.6-22.6c9.4-9.4 24.6-9.4 33.9 0l96.4 96.4 96.4-96.4c9.4-9.4 24.6-9.4 33.9 0l22.6 22.6c9.4 9.4 9.4 24.6 0 33.9l-136 136c-9.2 9.4-24.4 9.4-33.8 0z\"><\/path><\/svg><\/span>\n\t\t<\/span>\n\n\t\t\t\t\t\t<\/summary>\n\t\t\t\t<div role=\"region\" aria-labelledby=\"e-n-accordion-item-1182\" class=\"elementor-element elementor-element-2195b5f e-con-full e-flex e-con e-child\" data-id=\"2195b5f\" data-element_type=\"container\" data-e-type=\"container\">\n\t\t\t\t<div class=\"elementor-element elementor-element-caca1c6 elementor-widget elementor-widget-text-editor\" data-id=\"caca1c6\" data-element_type=\"widget\" data-e-type=\"widget\" data-widget_type=\"text-editor.default\">\n\t\t\t\t\t\t\t\t\tO cart\u00e3o poder\u00e1 ser utilizado compras de bebidas, comidas e brincadeiras em todos os dias da festa e n\u00e3o h\u00e1 necessidade de adquirir um novo.\t\t\t\t\t\t\t\t<\/div>\n\t\t\t\t<\/div>\n\t\t\t\t\t<\/details>\n\t\t\t\t\t\t<details id=\"e-n-accordion-item-1183\" class=\"e-n-accordion-item\" >\n\t\t\t\t<summary class=\"e-n-accordion-item-title\" data-accordion-index=\"4\" tabindex=\"-1\" aria-expanded=\"false\" aria-controls=\"e-n-accordion-item-1183\" >\n\t\t\t\t\t<span class='e-n-accordion-item-title-header'><div class=\"e-n-accordion-item-title-text\"> 4. Em caso de perda do cart\u00e3o? <\/div><\/span>\n\t\t\t\t\t\t\t<span class='e-n-accordion-item-title-icon'>\n\t\t\t<span class='e-opened' ><svg aria-hidden=\"true\" class=\"e-font-icon-svg e-fas-angle-up\" viewBox=\"0 0 320 512\" xmlns=\"http:\/\/www.w3.org\/2000\/svg\"><path d=\"M177 159.7l136 136c9.4 9.4 9.4 24.6 0 33.9l-22.6 22.6c-9.4 9.4-24.6 9.4-33.9 0L160 255.9l-96.4 96.4c-9.4 9.4-24.6 9.4-33.9 0L7 329.7c-9.4-9.4-9.4-24.6 0-33.9l136-136c9.4-9.5 24.6-9.5 34-.1z\"><\/path><\/svg><\/span>\n\t\t\t<span class='e-closed'><svg aria-hidden=\"true\" class=\"e-font-icon-svg e-fas-angle-down\" viewBox=\"0 0 320 512\" xmlns=\"http:\/\/www.w3.org\/2000\/svg\"><path d=\"M143 352.3L7 216.3c-9.4-9.4-9.4-24.6 0-33.9l22.6-22.6c9.4-9.4 24.6-9.4 33.9 0l96.4 96.4 96.4-96.4c9.4-9.4 24.6-9.4 33.9 0l22.6 22.6c9.4 9.4 9.4 24.6 0 33.9l-136 136c-9.2 9.4-24.4 9.4-33.8 0z\"><\/path><\/svg><\/span>\n\t\t<\/span>\n\n\t\t\t\t\t\t<\/summary>\n\t\t\t\t<div role=\"region\" aria-labelledby=\"e-n-accordion-item-1183\" class=\"elementor-element elementor-element-b207661 e-con-full e-flex e-con e-child\" data-id=\"b207661\" data-element_type=\"container\" data-e-type=\"container\">\n\t\t\t\t<div class=\"elementor-element elementor-element-f25bcec elementor-widget elementor-widget-text-editor\" data-id=\"f25bcec\" data-element_type=\"widget\" data-e-type=\"widget\" data-widget_type=\"text-editor.default\">\n\t\t\t\t\t\t\t\t\trocure imediatamente o ponto de atendimento, informe o n\u00famero do CPF para bloque\u00e1-lo, e receba um novo cart\u00e3o j\u00e1 com os valores n\u00e3o utilizados mediante pagamento da nova taxa de ativa\u00e7\u00e3o de R$ 7,00.\t\t\t\t\t\t\t\t<\/div>\n\t\t\t\t<\/div>\n\t\t\t\t\t<\/details>\n\t\t\t\t\t<\/div>\n\t\t\t\t\t<script type=\"application\/ld+json\">{\"@context\":\"https:\\\/\\\/schema.org\",\"@type\":\"FAQPage\",\"mainEntity\":[{\"@type\":\"Question\",\"name\":\"1. Como adquirir?\",\"acceptedAnswer\":{\"@type\":\"Answer\",\"text\":\"Se ainda n\\u00e3o adquiriu antecipadamente, voc\\u00ea poder\\u00e1 adquiri-lo nos caixas volantes nos dias da festa.\"}},{\"@type\":\"Question\",\"name\":\"2. Como recarregar?\",\"acceptedAnswer\":{\"@type\":\"Answer\",\"text\":\"O cart\\u00e3o poder\\u00e1 ser carregado nos caixas volantes ou nos totens de autoatendimento.\"}},{\"@type\":\"Question\",\"name\":\"3. Como utilizar o cart\\u00e3o?\",\"acceptedAnswer\":{\"@type\":\"Answer\",\"text\":\"O cart\\u00e3o poder\\u00e1 ser utilizado compras de bebidas, comidas e brincadeiras em todos os dias da festa e n\\u00e3o h\\u00e1 necessidade de adquirir um novo.\"}},{\"@type\":\"Question\",\"name\":\"4. Em caso de perda do cart\\u00e3o?\",\"acceptedAnswer\":{\"@type\":\"Answer\",\"text\":\"rocure imediatamente o ponto de atendimento, informe o n\\u00famero do CPF para bloque\\u00e1-lo, e receba um novo cart\\u00e3o j\\u00e1 com os valores n\\u00e3o utilizados mediante pagamento da nova taxa de ativa\\u00e7\\u00e3o de R$ 7,00.\"}}]}<\/script>\n\t\t\t\t\t\t\t<\/div>\n\t\t\t\t<\/div>\n\t\t\t\t\t<\/div>\n\t\t\t\t<\/div>\n\t\t<div class=\"elementor-element elementor-element-9d961f0 e-flex e-con-boxed e-con e-parent\" data-id=\"9d961f0\" data-element_type=\"container\" data-e-type=\"container\">\n\t\t\t\t\t<div class=\"e-con-inner\">\n\t\t\t\t<div class=\"elementor-element elementor-element-fcaada3 elementor-widget elementor-widget-image\" data-id=\"fcaada3\" data-element_type=\"widget\" data-e-type=\"widget\" data-widget_type=\"image.default\">\n\t\t\t\t\t\t\t\t\t\t\t\t\t\t\t<img loading=\"lazy\" decoding=\"async\" width=\"800\" height=\"545\" src=\"https:\/\/festajuninasabin.albertsabin.com.br\/wp-content\/uploads\/2025\/09\/ezgif-com-gif-maker-1.gif\" class=\"attachment-full size-full wp-image-180\" alt=\"\" \/>\t\t\t\t\t\t\t\t\t\t\t\t\t\t\t<\/div>\n\t\t\t\t\t<\/div>\n\t\t\t\t<\/div>\n\t\t\t\t<\/div>\n\t\t","protected":false},"excerpt":{"rendered":"<p>Para garantir mais conforto, agilidade e seguran\u00e7a durante a Festa Junina, utilizaremos o Cart\u00e3o Junina Cashless, um sistema de pagamento pr\u00e9-pago exclusivo para uso nas barracas de comidas, bebidas e brincadeiras. Voc\u00ea pode escolher entre duas op\u00e7\u00f5es para utilizar seus cr\u00e9ditos na festa: Cart\u00e3o Digital Sem taxa Fa\u00e7a a instala\u00e7\u00e3o do cart\u00e3o digital no seu [&hellip;]<\/p>\n","protected":false},"author":1,"featured_media":0,"parent":0,"menu_order":0,"comment_status":"closed","ping_status":"closed","template":"","meta":{"footnotes":""},"class_list":["post-387","page","type-page","status-publish","hentry"],"_links":{"self":[{"href":"https:\/\/festajuninasabin.albertsabin.com.br\/index.php?rest_route=\/wp\/v2\/pages\/387","targetHints":{"allow":["GET"]}}],"collection":[{"href":"https:\/\/festajuninasabin.albertsabin.com.br\/index.php?rest_route=\/wp\/v2\/pages"}],"about":[{"href":"https:\/\/festajuninasabin.albertsabin.com.br\/index.php?rest_route=\/wp\/v2\/types\/page"}],"author":[{"embeddable":true,"href":"https:\/\/festajuninasabin.albertsabin.com.br\/index.php?rest_route=\/wp\/v2\/users\/1"}],"replies":[{"embeddable":true,"href":"https:\/\/festajuninasabin.albertsabin.com.br\/index.php?rest_route=%2Fwp%2Fv2%2Fcomments&post=387"}],"version-history":[{"count":23,"href":"https:\/\/festajuninasabin.albertsabin.com.br\/index.php?rest_route=\/wp\/v2\/pages\/387\/revisions"}],"predecessor-version":[{"id":511,"href":"https:\/\/festajuninasabin.albertsabin.com.br\/index.php?rest_route=\/wp\/v2\/pages\/387\/revisions\/511"}],"wp:attachment":[{"href":"https:\/\/festajuninasabin.albertsabin.com.br\/index.php?rest_route=%2Fwp%2Fv2%2Fmedia&parent=387"}],"curies":[{"name":"wp","href":"https:\/\/api.w.org\/{rel}","templated":true}]}}